{"id":449,"date":"2016-02-08T20:00:12","date_gmt":"2016-02-08T23:00:12","guid":{"rendered":"http:\/\/www.techno-5eme.collomp.fr\/?page_id=449"},"modified":"2021-08-23T14:42:59","modified_gmt":"2021-08-23T17:42:59","slug":"telecharger-toutes-les-seances","status":"publish","type":"page","link":"http:\/\/www.techno-5eme.collomp.fr\/?page_id=449","title":{"rendered":"T\u00e9l\u00e9charger toutes les s\u00e9ances\u2026"},"content":{"rendered":"<p>Vous pouvez obtenir toutes les s\u00e9ances du niveau 5\u00e8me (et parfois les corrections associ\u00e9es)\u00a0gratuitement.<br \/>\nIl suffit juste de m\u2019\u00e9crire un mail :<strong> sebastien.collomp@ac-guyane.fr<\/strong><br \/>\nJe vous donnerai le mot de passe de la page de t\u00e9l\u00e9chargement.<\/p>\n<p>Les cours sont libres de droit pour une utilisation dans le cadre de l\u2019enseignement public.<\/p>\n<p>Merci de m\u2019\u00e9crire via votre <strong>messagerie acad\u00e9mique<\/strong>. R\u00e9ponse rapide assur\u00e9e.<\/p>\n<p>Quand vous avez le mot de passe, <a href=\"http:\/\/techno-5eme.collomp.fr\/?page_id=451\">cliquez ici<\/a>.<\/p>\n<!-- AddThis Advanced Settings generic via filter on the_content --><!-- AddThis Share Buttons generic via filter on the_content -->","protected":false},"excerpt":{"rendered":"<p>Vous pouvez obtenir toutes les s\u00e9ances du niveau 5\u00e8me (et parfois les corrections associ\u00e9es)\u00a0gratuitement. Il suffit juste de m\u2019\u00e9crire un mail : sebastien.collomp@ac-guyane.fr Je vous donnerai le mot de passe de la page de t\u00e9l\u00e9chargement. Les cours sont libres de droit pour une utilisation dans le cadre de l\u2019enseignement public. Merci de m\u2019\u00e9crire via votre [&hellip;]<!-- AddThis Advanced Settings generic via filter on get_the_excerpt --><!-- AddThis Share Buttons generic via filter on get_the_excerpt --><\/p>\n","protected":false},"author":1,"featured_media":0,"parent":0,"menu_order":0,"comment_status":"closed","ping_status":"closed","template":"","meta":[],"_links":{"self":[{"href":"http:\/\/www.techno-5eme.collomp.fr\/index.php?rest_route=\/wp\/v2\/pages\/449"}],"collection":[{"href":"http:\/\/www.techno-5eme.collomp.fr\/index.php?rest_route=\/wp\/v2\/pages"}],"about":[{"href":"http:\/\/www.techno-5eme.collomp.fr\/index.php?rest_route=\/wp\/v2\/types\/page"}],"author":[{"embeddable":true,"href":"http:\/\/www.techno-5eme.collomp.fr\/index.php?rest_route=\/wp\/v2\/users\/1"}],"replies":[{"embeddable":true,"href":"http:\/\/www.techno-5eme.collomp.fr\/index.php?rest_route=%2Fwp%2Fv2%2Fcomments&post=449"}],"version-history":[{"count":6,"href":"http:\/\/www.techno-5eme.collomp.fr\/index.php?rest_route=\/wp\/v2\/pages\/449\/revisions"}],"predecessor-version":[{"id":920,"href":"http:\/\/www.techno-5eme.collomp.fr\/index.php?rest_route=\/wp\/v2\/pages\/449\/revisions\/920"}],"wp:attachment":[{"href":"http:\/\/www.techno-5eme.collomp.fr\/index.php?rest_route=%2Fwp%2Fv2%2Fmedia&parent=449"}],"curies":[{"name":"wp","href":"https:\/\/api.w.org\/{rel}","templated":true}]}}